to base 4.
-200
What is -3 (base 7) in base 9?
-3
Convert -6 (base 10) to base 16.
-6
Convert -8 (base 13) to base 7.
-11
Convert 21 (base 4) to base 16.
9
218 (base 10) to base 8
332
Convert 221 (base 5) to base 3.
2021
Convert -1 (base 9) to base 2.
-1
-1222 (base 3) to base 12
-45
Convert -2d (base 16) to base 10.
-45
Convert 12 (base 5) to base 15.
7
19 (base 15) to base 16
18
What is d0 (base 15) in base 7?
366
What is -2 (base 15) in base 5?
-2
What is 32 (base 6) in base 13?
17
-b (base 14) to base 3
-102
What is 4 (base 6) in base 5?
4
Convert 21 (base 3) to base 7.
10
-111 (base 3) to base 14
-d
Convert 4 (base 16) to base 3.
11
What is -156 (base 9) in base 6?
-340
-3 (base 14) to base 8
-3
What is -150 (base 12) in base 15?
-d9
What is -3 (base 11) in base 6?
-3
7 (base 9) to base 3
21
1002 (base 3) to base 9
32
Convert -37 (base 13) to base 15.
-31
What is -1244 (base 5) in base 13?
-124
9 (base 11) to base 7
12
-8 (base 10) to base 13
-8
What is -231 (base 5) in base 11?
-60
What is -1 (base 5) in base 4?
-1
Convert -103 (base 4) to base 6.
-31
Convert 206 (base 7) to base 11.
95
Convert e2 (base 15) to base 13.
134
-44 (base 12) to base 2
-110100
Convert -74 (base 8) to base 3.
-2020
Convert 31 (base 9) to base 14.
20
14 (base 9) to base 6
21
-84 (base 10) to base 13
-66
Convert -25 (base 15) to base 16.
-23
Convert 1010 (base 2) to base 8.
12
What is -4 (base 9) in base 3?
-11
What is -6 (base 12) in base 2?
-110
What is 234 (base 6) in base 4?
1132
What is -11212 (base 3) in base 7?
-245
What is 172 (base 12) in base 5?
1410
What is 1 (base 16) in base 10?
1
What is -21 (base 16) in base 5?
-113
23 (base 14) to base 11
29
What is b2 (base 13) in base 2?
10010001
What is 21 (base 5) in base 6?
15
What is -10 (base 2) in base 7?
-2
What is 222 (base 10) in base 15?
ec
What is 2 (base 10) in base 7?
2
Convert -c (base 13) to base 14.
-c
What is 2 (base 13) in base 10?
2
Convert 1002 (base 3) to base 6.
45
-36 (base 14) to base 3
-1210
13 (base 10) to base 6
21
Convert 23 (base 9) to base 3.
210
Convert -4 (base 16) to base 12.
-4
What is 16 (base 16) in base 15?
17
Convert 43 (base 16) to base 14.
4b
What is -37 (base 8) in base 4?
-133
-148 (base 14) to base 8
-404
Convert -7 (base 13) to base 6.
-11
What is -1 (base 10) in base 4?
-1
-100001000 (base 2) to base 8
-410
Convert -5 (base 12) to base 13.
-5
What is 1332 (base 5) in base 13?
139
What is -19 (base 14) in base 3?
-212
Convert 4 (base 5) to base 16.
4
What is -5f (base 16) in base 6?
-235
What is 10 (base 12) in base 13?
c
Convert 15 (base 7) to base 14.
c
Convert 1 (base 9) to base 12.
1
-3 (base 6) to base 2
-11
What is -15 (base 8) in base 4?
-31
Convert 1101 (base 2) to base 12.
11
Convert 12 (base 13) to base 3.
120
-4 (base 5) to base 14
-4
What is -11 (base 9) in base 8?
-12
What is -1 (base 14) in base 11?
-1
115 (base 8) to base 12
65
Convert 1 (base 14) to base 7.
1
What is 3 (base 4) in base 10?
3
Convert -205 (base 12) to base 7.
-566
Convert 111100 (base 2) to base 7.
114
Convert 111 (base 5) to base 2.
11111
What is 12 (base 3) in base 4?
11
-10 (base 3) to base 14
-3
-6 (base 16) to base 4
-12
-11 (base 7) to base 15
-8
1010 (base 4) to base 12
58
What is 3 (base 13) in base 15?
3
What is 3 (base 6) in base 9?
3
What is -111100 (base 3) in base 2?
-101101000
Convert 11 (base 3) to base 16.
4
7 (base 12) to base 9
7
Convert 3 (base 9) to base 8.
3
Convert 1a (base 12) to base 8.
26
What is -164 (base 9) in base 11?
-117
37 (base 11) to base 13
31
Convert -3 (base 8) to base 6.
-3
a3 (base 11) to base 7
221
0 (base 11) to base 14
0
Convert 1001 (base 3) to base 6.
44
Convert -1a (base 12) to base 16.
-16
25 (base 9) to base 6
35
8 (base 10) to base 5
13
Convert -112 (base 11) to base 16.
-86
23 (base 9) to base 7
30
120 (base 7) to base 4
333
Convert -6 (base 9) to base 15.
-6
What is -22 (base 6) in base 7?
-20
Convert 118 (base 9) to base 12.
82
What is -3 (base 9) in base 15?
-3
Convert 2 (base 12) to base 11.
2
Convert -1 (base 15) to base 8.
-1
Convert -8 (base 10) to base 8.
-10
Convert 2 (base 10) to base 8.
2
11 (base 10) to base 12
b
-213 (base 7) to base 14
-7a
-4 (base 7) to base 16
-4
38 (base 12) to base 6
112
What is 11 (base 2) in base 13?
3
1110101 (base 2) to base 7
225
-74 (base 16) to base 8
-164
Convert -45 (base 7) to base 13.
-27
What is -30 (base 4) in base 16?
-c
Convert 3a (base 11) to base 9.
47
7 (base 13) to base 4
13
Convert 6c (base 15) to base 3.
10210
11 (base 16) to base 14
13
-16 (base 9) to base 15
-10
Convert -1213 (base 5) to base 14.
-d1
What is 0 (base 8) in base 16?
0
What is -17 (base 9) in base 5?
-31
What is -16 (base 14) in base 12?
-18
What is 11 (base 2) in base 10?
3
9b (base 12) to base 4
1313
Convert -19 (base 16) to base 15.
-1a
Convert 0 (base 7) to base 11.
0
Convert -10100111 (base 2) to base 5.
-1132
Convert 3024 (base 5) to base 16.
185
-67 (base 11) to base 15
-4d
What is 58 (base 10) in base 16?
3a
-202 (base 4) to base 10
-34
-2 (base 10) to base 3
-2
Convert 13 (base 5) to base 16.
8
What is -3 (base 16) in base 10?
-3
3 (base 8) to base 13
3
Convert -3 (base 13) to base 11.
-3
Convert -11 (base 9) to base 12.
-a
What is 21202 (base 3) in base 5?
1314
-7 (base 8) to base 12
-7
What is 12 (base 3) in base 8?
5
-1001 (base 2) to base 14
-9
Convert -b (base 15) to base 13.
-b
Convert -400 (base 5) to base 7.
-202
11 (base 5) to base 12
6
What is -174 (base 14) in base 4?
-10222
Convert -4 (base 12) to base 13.
-4
What is 44 (base 6) in base 3?
1001
What is -3 (base 4) in base 2?
-11
Convert 2 (base 12) to base 16.
2
Convert 226 (base 11) to base 2.
100001110
5 (base 14) to base 2
101
What is -9 (base 13) in base 8?
-11
Convert -7 (base 13) to base 14.
-7
What is 11 (base 10) in base 13?
b
-10111 (base 2) to base 6
-35
Convert -1 (base 12) to base 13.
-1
What is -5 (base 14) in base 7?
-5
Convert -11 (base 12) to base 9.
-14
111 (base 3) to base 15
d
Convert 5 (base 7) to base 6.
5
What is 22 (base 3) in base 2?
1000
4 (base 8) to base 2
100
Convert 102 (base 4) to base 9.
20
10 (base 2) to base 15
2
-6c (base 16) to base 11
-99
Convert 185 (base 15) to base 12.
252
What is 5 (base 6) in base 13?
5
Convert -1 (base 2) to base 3.
-1
-9 (base 10) to base 3
-100
What is -11 (base 5) in base 16?
-6
Convert 5 (base 11) to base 4.
11
What is -1002 (base 3) in base 9?
-32
Convert -105 (base 11) to base 13.
-99
-1020 (base 4) to base 8
-110
What is 110012 (base 3) in base 9?
405
What is -8 (base 13) in base 14?
-8
What is 3 (base 6) in base 11?
3
What is 10 (base 8) in base 10?
8
Convert -4 (base 12) to base 14.
-4
Convert 10 (base 5) to base 13.
5
What is -3 (base 12) in base 10?
-3
What is 1 (base 15) in base 13?
1
Convert -153 (base 8) to base 4.
-1223
What is -4 (base 12) in base 3?
-11
Convert -1001 (base 2) to base 4.
-21
What is -44 (base 5) in base 8?
-30
Convert -3 (base 14) to base 9.
-3
Convert -71 (base 14) to base 6.
-243
What is -2 (base 5) in base 2?
-10
What is -201 (base 9) in base 14?
-b9
Convert -89 (base 15) to base 8.
-201
What is -a (base 16) in base 7?
-13
Convert 19 (base 11) to base 10.
20
What is -1 (base 5) in base 16?
-1
Convert -224 (base 6) to base 7.
-154
Convert 7 (base 8) to base 2.
111
What is 0 (base 8) in base 5?
0
103 (base 8) to base 14
4b
d7 (base 15) to base 4
3022
Convert 2 (base 12) to base 6.
2
Convert 1 (base 15) to base 13.
1
What is 6 (base 9) in base 12?
6
21202 (base 3) to base 13
131
What is 15 (base 13) in base 10?
18
Convert 144 (base 6) to base 11.
59
3 (base 13) to base 4
3
241 (base 7) to base 4
1333
Convert 8 (base 12) to base 3.
22
-1055 (base 6) to base 8
-373
Convert 31 (base 5) to base 3.
121
-2 (base 8) to base 2
-10
What is -42 (base 15) in base 16?
-3e
-21 (base 3) to base 2
-111
33 (base 10) to base 7
45
2 (base 16) to base 15
2
-6b (base 14) to base 12
-7b
-96 (base 12) to base 9
-136
3313 (base 4) to base 8
367
81 (base 12) to base 9
117
Convert 2 (base 13) to base 16.
2
What is -17 (base 12) in base 5?
-34
What is 167 (base 10) in base 13?
cb
2 (base 7) to base 2
10
100011 (base 2) to base 11
32
Convert -164 (base 13) to base 6.
-1055
Convert 237 (base 8) to base 14.
b5
1 (base 16) to base 13
1
Convert 50 (base 8) to base 16.
28
Convert -6 (